
Let m(f) = 18*f**3 - f**2 + f + 1. Suppose -2*n = -3*w - 10, 4*n + 3*w + 9 = 7*n. Give m(n).
-19
Let b(q) = -112*q + 1327. Let g(j) = 177*j - 1990. Let i(k) = -8*b(k) - 5*g(k). Give i(61).
5
Let v(r) = -r**2. Let s be ((-1)/(9/12))/(2/(-12)). Suppose 7*y + 4 = s*y. Suppose y*x - 2*x + x = 0. What is v(x)?
0
Let y(m) = -38*m**3 - 25*m**2 + 76*m. Let v(q) = 32*q**3 + 25*q**2 - 76*q - 2. Let o(f) = -6*v(f) - 5*y(f). What is o(-15)?
-3
Let c(m) = 14*m - 15*m + 3*m + 70. Let u be c(-30). Let y(w) = w**3 - 11*w**2 + 9*w + 10. Calculate y(u).
0
Let c(o) be the third derivative of -5*o**4/6 - 16927*o**2. Suppose -1 = -2*i - 3*k + 3, 2*i - 5*k + 12 = 0. Calculate c(i).
20
Let b(x) = 4*x**2 - 18*x - 10. Let r(i) = -17*i**2 + 71*i + 49. Let u(j) = 9*b(j) + 2*r(j). Determine u(9).
-10
Let x(c) = -c**2 + 5*c + 71. Let t be x(13). Let v(g) = -g**2 - 33*g + 11. Let b be v(t). Let p(o) = o**2 - 10*o - 5. Determine p(b).
6
Let p(m) be the first derivative of m**5/20 - 7*m**4/12 + 5*m**3/6 - 2*m**2 + 22*m + 29. Let a(f) be the first derivative of p(f). Give a(6).
-10
Let f(y) = 4 + y - 5 + 8. Let b(c) = 659*c - 4. Let k be b(0). Calculate f(k).
3
Let m(d) = -d**2 - 37*d - 25. Let w(j) = -10*j - 2. Let a(o) = -m(o) + 2*w(o). Determine a(-19).
59
Let x(i) be the first derivative of i**4/4 + 7*i**3/3 + 3*i**2 - 4*i + 58. Suppose 11*n = 8*n - 45. Let p = n - -9. Determine x(p).
-4
Let h(n) = -n**3 - 5*n**2 + 3*n + 7. Suppose -3*b - 1461 + 474 = 0. Let d be (-47)/b - (-12)/(-14)*6. Give h(d).
-8
Suppose 0 = 8*u - 131 + 1083. Let q = u + 202. Suppose 4*h - q = -75. Let b(m) = m**3 + 3*m**2 - 3*m + 1. What is b(h)?
15
Let s(j) be the third derivative of -j**6/120 + 13*j**5/60 - j**4/24 + 16*j**3/3 + 2130*j**2. Determine s(13).
19
Let t = -12322 + 12322. Let q(g) = g**3 + g**2 + 2*g + 6. Give q(t).
6
Let m(y) = 2*y**2 - 1871*y - 8 + 688*y + 583*y + 583*y. Let b be -2 + 3 - 24/(-3). Calculate m(b).
1
Let m(h) be the second derivative of 7*h**3/6 + 91*h**2 + 3248*h. What is m(-26)?
0
Let h = 6 - 0. Let s = 1192 - 1190. Let r(b) = -8 - 4*b + 7720*b**s - 3859*b**2 - 3860*b**2. Determine r(h).
4
Let t(w) be the first derivative of -w**4/4 - 2*w**3/3 + w**2 - w + 2997. What is t(-2)?
-5
Let t(c) = -c**2 + 3*c - 3. Suppose 12*o - 66 = o. Let s be 3 + 0*(3 - 16/o). What is t(s)?
-3
Let u(g) = -5*g + 94. Let i(b) = -9*b + 168. Let t(r) = 6*i(r) - 11*u(r). What is t(23)?
-3
Let c(q) = q**3 + 0*q + 3*q - q - 1 + 2*q**2 + 2*q**2. Suppose 4*h = -p - 13, 8*p - 4*p + 4 = 0. Calculate c(h).
2
Let n(y) = -35*y - 5*y - 10*y**2 + 4*y**2 + 49*y - 8. Determine n(2).
-14
Let v(n) = 0 - n**2 - 2*n**3 - 5 + 3*n**3. Suppose -12 = -2*o, -g = -47*o + 45*o + 12. Give v(g).
-5
Let w(t) = 5*t - 2. Let v = 333 + -335. Let g(f) = -4*f + 2. Let r(h) = v*w(h) - 3*g(h). Calculate r(-7).
-16
Let j(a) = 0*a + 6229 + 0*a - 6230 - a. Let q(f) be the second derivative of -3*f**5/20 + f**4/12 - f**3/3 + f**2/2 + f. Let t be q(1). Calculate j(t).
2
Let d(p) = 12*p**2 - 20*p - 28. Let j(h) = 19*h**2 - 30*h - 42. Let m(b) = -b**2 - 12*b - 43. Let i be m(-5). Let u(s) = i*d(s) + 5*j(s). Determine u(12).
-10
Let b(c) = c + 8. Suppose -109 + 173 = -8*n. Determine b(n).
0
Suppose 8*s - 5*s - 30 = 0. Let w be 2/s - 140*(-20)/(-250). Let z(d) = -d**2 - 9*d + 8. Calculate z(w).
-14
Let p(b) = 2*b**2 + 3*b. Let g be p(-2). Let w(f) = -10*f - g*f**2 + 11*f - 3*f + f**2. Let z = 247 - 249. What is w(z)?
0
Suppose 3*d - 9*d = -552. Let m = d - 82. Let r(f) = f**3 - 9*f**2 - 11*f + 6. What is r(m)?
-4
Let a(x) be the second derivative of -x**3/6 - 5*x**2 - x + 1600. Determine a(17).
-27
Let u = 385 - -93. Let j = 471 - u. Let z(p) = -2*p - 10. What is z(j)?
4
Let f(j) be the third derivative of 2*j**5/15 - 47*j**4/3 + 4*j**3/3 - 7*j**2 - 32*j + 1. Determine f(47).
8
Let a(o) be the first derivative of 1/6*o**3 - 21 + 24*o - o**2. Let q(u) be the first derivative of a(u). Determine q(0).
-2
Let n(x) = -5*x + x**3 - 6 + 0*x**3 - 4*x**2 + 7*x + 0*x. Let t(b) = 2*b**2 + b - 1. Let k(l) = -n(l) + t(l). Calculate k(6).
-1
Let u(x) = 2*x**2 + 23*x + 36. Suppose -40 = 10*n - 6*n. Let z be u(n). Let v(h) = -h**3 + 7*h**2 - 5*h - 12. Determine v(z).
-6
Let f(i) = -i**3 - 8*i**2 - 19*i - 89. Let z be ((-1750)/(-625))/((-2)/5). Give f(z).
-5
Suppose 0*s = -s - 4. Let n(d) = 12*d - 6. Suppose 5*g + 4*y + 33 = 10*g, -3*y = 2*g - 4. Let x(i) = 7*i - 4. Let o(u) = g*x(u) - 3*n(u). Calculate o(s).
2
Let f(h) = h**3 - 8*h**2 + 6. Let d = -9 - -11. Let v be 17 + (-3 + d)*5 + -4. Calculate f(v).
6
Let b(i) = -81*i**2 + i. Suppose 0 = 4276*h - 4285*h - 9. Determine b(h).
-82
Suppose -24*u + 93 = -3. Let c(j) = -21*j. Calculate c(u).
-84
Let x(w) = 5*w + 6*w**2 + 2*w + w**3 + 2 + 2. Let p be (-1 - -872) + (-12 - -21). Let c = 875 - p. Give x(c).
-6
Let p(n) = -11*n - 15*n**2 - 8*n**2 - 42*n**2 + 69*n**2 - n**3 - 6 - 11*n**2. Calculate p(-4).
-10
Let t(n) = n**2 + 4. Let a(l) = 5*l - 35. Suppose 0 = -12*y - 82 + 166. Let h be a(y). Determine t(h).
4
Let n(h) = -2 + h**2 + 4*h + 2*h + 0*h. Let x(c) = -c**2 - 11*c - 12. Let r be x(-11). Let t be 3/(-6)*-14 + r. Calculate n(t).
-7
Let g = -3188 + 3188. Let h(f) be the third derivative of 12*f**2 + 7/60*f**5 + 0*f + 3/8*f**4 + 4/3*f**3 + g + 1/120*f**6. Give h(-6).
-10
Let g be -6 - -3 - (1 + -2). Let z(j) = -3*j**3 - 7*j**2 + 10*j - 4. Let a(b) = 6*b**3 + 15*b**2 - 23*b + 9. Let l(h) = -4*a(h) - 9*z(h). Give l(g).
-16
Let o(t) = t**2 + t - 2. Suppose -2*g + 44 = -2*r, 2*g - 4*r - 63 = -g. Let k = 19 - g. Let v(b) = b**3 + 4*b**2 - 13*b - 6. Let w be v(k). Calculate o(w).
-2
Suppose 25 = -78*p + 73*p. Let x(t) = -t**3 + 4*t**2 + 4*t + 4. Let r(b) = -b**3 + 4*b**2 + 5*b + 4. Let a(w) = p*r(w) + 6*x(w). Calculate a(4).
0
Let l(h) = h**2 + 11*h + 7. Let j = -2 + 46. Suppose 42*d = 38*d - j. Calculate l(d).
7
Let w(r) = r**2 - 3*r + 2. Let a be w(3). Let l(t) = 3*t**2 - 5 + t - t + 2 + 2 - 2*t. Calculate l(a).
7
Let u(i) = i - 3. Let n = -50 + 57. Let d be u(n). Suppose 0 = -5*r - 3*k + d, -5*r + k + 16 = -2*k. Let g(b) = 2*b**3 - 2*b + 3. Calculate g(r).
15
Suppose -11*l + 24 = -5*l. Let n(v) be the first derivative of 6 + 9 + l*v - 5*v - 8 - 2*v**2. Give n(-1).
3
Let d = -443 + 446. Let l(u) = 2*u**3 + 14*u**2 - d*u**3 - 3*u**2 - 4 + 12*u + 0*u**3. Give l(12).
-4
Suppose 3*b + 119 = -11*z + 42, 4*b + 7 = -z. Let s(j) = 11*j + 5. Let v(l) = 5*l + 3. Let i(r) = -4*s(r) + 9*v(r). Calculate i(z).
0
Let c(j) = -7*j - 75. Let r = 9716 - 9723. Give c(r).
-26
Let a(x) = x**2 - 10*x - 4. Suppose 3*t = -16 + 43. Give a(t).
-13
Let k(j) be the third derivative of 1/24*j**4 - 1/60*j**5 + 0*j + 3 - 1/6*j**3 - 29/120*j**6 + 2*j**2. Determine k(1).
-30
Let j(f) be the third derivative of 0*f + 0 - 4*f**2 - 1/12*f**4 + 1/2*f**3. Let l(d) = d**2 + 12*d + 35. Let g be l(-9). Give j(g).
-13
Suppose -46 = x + 5. Let m = x - -69. Let z(b) = 2 - 8 - b + m. What is z(0)?
12
Let j(s) = -16 + 10 + 2 + 6 + 4*s**2 - s**2 + 11*s. Calculate j(-4).
6
Let d(w) be the first derivative of w**4/4 + 2*w**3 - 2*w**2 - 47*w - 3957. Determine d(-5).
-2
Let q(w) = -93 + 7*w**2 + 82 - 2*w + 8*w**2 + w**3 - 3. Give q(-15).
16
Let u(o) be the second derivative of o**6/360 + o**5/120 + 5*o**4/3 + 21*o. Let l(z) be the third derivative of u(z). Let d be (-1)/((-1)/1 + 2). Give l(d).
-1
Let o(d) be the first derivative of -d**7/840 - d**6/30 + 7*d**5/60 + 5*d**4/12 + 16*d**3/3 - 16. Let u(l) be the third derivative of o(l). What is u(-13)?
-3
Let g(u) = 4*u**3 - 57*u**2 - 65*u - 13. Let n(t) = 5*t**3 - 76*t**2 - 84*t - 17. Let d(y) = -9*g(y) + 7*n(y). Calculate d(-19).
55
Let d(s) = s**3 + 5*s**2 - 8*s - 9. Let r be d(-6). Let m = -317 + 317. Let g(o) = -3 - 4*o**2 + m*o**3 + 4*o - o + 2*o**3 - o**2 + o**2. Give g(r).
24
Let t(u) = u**3 - 3*u**2 + 3*u + 3. Let h(l) be the second derivative of l**5/20 - l**4/6 + l**3/6 + 3*l**2/2 - 13*l - 4. Let m be h(0). What is t(m)?
12
Let p = 908 + -905. Let v(g) = -27*g + 5. Calculate v(p).
-76
Let r(o) = o**2 + 25*o + 128. Let u be r(-18). Let j(h) = -1 + 0 - 1 - h**u - 3 + 7*h. Determine j(5).
5
Let o(m) = -7*m - 9. Let r(c) = 6*c + 13. Let y be r(-8). Let q(i) = -120*i - 155. Let n(a) = y*o(a) + 2*q(a). Determine n(-2).
-5
Let n(d) = d**2 + 15*d + 46. Suppose 0*c = 2*c - 2*j + 14, 24 = -3*c + 2*j. G